{"id":1289,"date":"2016-04-18T11:20:40","date_gmt":"2016-04-18T11:20:40","guid":{"rendered":"https:\/\/www.allwrapping.com\/servicios\/"},"modified":"2026-03-14T14:10:44","modified_gmt":"2026-03-14T14:10:44","slug":"services","status":"publish","type":"page","link":"https:\/\/www.allwrapping.com\/en\/services\/","title":{"rendered":"Services"},"content":{"rendered":"<div id=\"pl-1289\"  class=\"panel-layout\" ><div id=\"pg-1289-0\"  class=\"panel-grid panel-no-style\" ><div id=\"pgc-1289-0-0\"  class=\"panel-grid-cell\" ><div id=\"panel-1289-0-0-0\" class=\"so-panel widget widget_pw_featured_page widget-featured-page panel-first-child panel-last-child\" data-index=\"0\" >\n\t<div class=\"page-box  page-box--block\">\n\t\t\t\t\t<a class=\"page-box__picture\" href=\"https:\/\/www.allwrapping.com\/en\/services\/yacht-wrapping-mallorca\/\">\n\t\t\t\t<img decoding=\"async\" src=\"https:\/\/www.allwrapping.com\/wp-content\/uploads\/2026\/03\/fjord-360x180.jpeg\" width=\"360\" height=\"180\" srcset=\"https:\/\/www.allwrapping.com\/wp-content\/uploads\/2026\/03\/fjord-360x180.jpeg 360w, https:\/\/www.allwrapping.com\/wp-content\/uploads\/2026\/03\/fjord.jpeg 604w\" sizes=\"(min-width: 1200px) 349px, (min-width: 992px) 283px, (min-width: 768px) 690px, calc(100vw - 30px)\" class=\"wp-post-image\" alt=\"Superyacht Wrapping in Palma de Mallorca\">\n\t\t\t\t\t\t\t<\/a>\n\t\t\t\t<div class=\"page-box__content\">\n\t\t\t<h4 class=\"page-box__title\"><a href=\"https:\/\/www.allwrapping.com\/en\/services\/yacht-wrapping-mallorca\/\">Superyacht Wrapping in Palma de Mallorca<\/a><\/h4>\n\t\t\t<p class=\"page-box__text\">R\u00e1pido y 100% personalizable<\/p>\n\t\t\t\t\t\t\t<a href=\"https:\/\/www.allwrapping.com\/en\/services\/yacht-wrapping-mallorca\/\" class=\"page-box__more-link\">Discover more<\/a>\n\t\t\t\t\t<\/div>\n\t<\/div>\n\n<\/div><\/div><div id=\"pgc-1289-0-1\"  class=\"panel-grid-cell\" ><div id=\"panel-1289-0-1-0\" class=\"so-panel widget widget_pw_featured_page widget-featured-page panel-first-child panel-last-child\" data-index=\"1\" >\n\t<div class=\"page-box  page-box--block\">\n\t\t\t\t\t<a class=\"page-box__picture\" href=\"https:\/\/www.allwrapping.com\/en\/services\/window-tinting-mallorca\/\">\n\t\t\t\t<img decoding=\"async\" src=\"https:\/\/www.allwrapping.com\/wp-content\/uploads\/2026\/03\/arion-360x180.jpg\" width=\"360\" height=\"180\" srcset=\"https:\/\/www.allwrapping.com\/wp-content\/uploads\/2026\/03\/arion-360x180.jpg 360w, https:\/\/www.allwrapping.com\/wp-content\/uploads\/2026\/03\/arion.jpg 640w\" sizes=\"(min-width: 1200px) 349px, (min-width: 992px) 283px, (min-width: 768px) 690px, calc(100vw - 30px)\" class=\"wp-post-image\" alt=\"Yacht Window Tinting &amp; Solar Protection Film Mallorca\">\n\t\t\t\t\t\t\t<\/a>\n\t\t\t\t<div class=\"page-box__content\">\n\t\t\t<h4 class=\"page-box__title\"><a href=\"https:\/\/www.allwrapping.com\/en\/services\/window-tinting-mallorca\/\">Yacht Window Tinting &amp; Solar Protection Film Mallorca<\/a><\/h4>\n\t\t\t<p class=\"page-box__text\">Instalando l\u00e1minas de control solar<\/p>\n\t\t\t\t\t\t\t<a href=\"https:\/\/www.allwrapping.com\/en\/services\/window-tinting-mallorca\/\" class=\"page-box__more-link\">Discover more<\/a>\n\t\t\t\t\t<\/div>\n\t<\/div>\n\n<\/div><\/div><\/div><div id=\"pg-1289-1\"  class=\"panel-grid panel-no-style\" ><div id=\"pgc-1289-1-0\"  class=\"panel-grid-cell\" ><div id=\"panel-1289-1-0-0\" class=\"so-panel widget widget_pw_featured_page widget-featured-page panel-first-child panel-last-child\" data-index=\"2\" >\n\t<div class=\"page-box  page-box--block\">\n\t\t\t\t\t<a class=\"page-box__picture\" href=\"https:\/\/www.allwrapping.com\/servicios\/wrapping-interiores-mallorca\/\">\n\t\t\t\t<img decoding=\"async\" src=\"https:\/\/www.allwrapping.com\/wp-content\/uploads\/2019\/03\/wrapping-interiores-mallorca-Ejemplo-de-acabado-dashboard-Sunsekeer-74-360x180.jpg\" width=\"360\" height=\"180\" srcset=\"https:\/\/www.allwrapping.com\/wp-content\/uploads\/2019\/03\/wrapping-interiores-mallorca-Ejemplo-de-acabado-dashboard-Sunsekeer-74-360x180.jpg 360w, https:\/\/www.allwrapping.com\/wp-content\/uploads\/2019\/03\/wrapping-interiores-mallorca-Ejemplo-de-acabado-dashboard-Sunsekeer-74.jpg 600w\" sizes=\"(min-width: 1200px) 349px, (min-width: 992px) 283px, (min-width: 768px) 690px, calc(100vw - 30px)\" class=\"wp-post-image\" alt=\"Wrapping Interiores Mallorca\">\n\t\t\t\t\t\t\t<\/a>\n\t\t\t\t<div class=\"page-box__content\">\n\t\t\t<h4 class=\"page-box__title\"><a href=\"https:\/\/www.allwrapping.com\/servicios\/wrapping-interiores-mallorca\/\">Wrapping Interiores Mallorca<\/a><\/h4>\n\t\t\t<p class=\"page-box__text\">R\u00e1pido, duradero y 100% personalizable<\/p>\n\t\t\t\t\t<\/div>\n\t<\/div>\n\n<\/div><\/div><div id=\"pgc-1289-1-1\"  class=\"panel-grid-cell\" ><div id=\"panel-1289-1-1-0\" class=\"so-panel widget widget_pw_featured_page widget-featured-page panel-first-child panel-last-child\" data-index=\"3\" >\n\t<div class=\"page-box  page-box--block\">\n\t\t\t\t\t<a class=\"page-box__picture\" href=\"https:\/\/www.allwrapping.com\/servicios\/tintado-de-lunas-mallorca\/\">\n\t\t\t\t<img decoding=\"async\" src=\"https:\/\/www.allwrapping.com\/wp-content\/uploads\/2019\/03\/l\u00e1minas-de-ventanas-3M-para-yates-tintado-de-lunas2-360x180.jpg\" width=\"360\" height=\"180\" srcset=\"https:\/\/www.allwrapping.com\/wp-content\/uploads\/2019\/03\/l\u00e1minas-de-ventanas-3M-para-yates-tintado-de-lunas2-360x180.jpg 360w, https:\/\/www.allwrapping.com\/wp-content\/uploads\/2019\/03\/l\u00e1minas-de-ventanas-3M-para-yates-tintado-de-lunas2.jpg 600w\" sizes=\"(min-width: 1200px) 349px, (min-width: 992px) 283px, (min-width: 768px) 690px, calc(100vw - 30px)\" class=\"wp-post-image\" alt=\"Control Solar\">\n\t\t\t\t\t\t\t<\/a>\n\t\t\t\t<div class=\"page-box__content\">\n\t\t\t<h4 class=\"page-box__title\"><a href=\"https:\/\/www.allwrapping.com\/servicios\/tintado-de-lunas-mallorca\/\">Control Solar<\/a><\/h4>\n\t\t\t<p class=\"page-box__text\">Instalando l\u00e1minas de control solar<\/p>\n\t\t\t\t\t<\/div>\n\t<\/div>\n\n<\/div><\/div><\/div><div id=\"pg-1289-2\"  class=\"panel-grid panel-no-style\" ><div id=\"pgc-1289-2-0\"  class=\"panel-grid-cell panel-grid-cell-mobile-last\" ><div id=\"panel-1289-2-0-0\" class=\"so-panel widget widget_pw_featured_page widget-featured-page panel-first-child panel-last-child\" data-index=\"4\" >\n\t<div class=\"page-box  page-box--block\">\n\t\t\t\t<div class=\"page-box__content\">\n\t\t\t<h4 class=\"page-box__title\"><a href=\"\"><\/a><\/h4>\n\t\t\t<p class=\"page-box__text\"><\/p>\n\t\t\t\t\t<\/div>\n\t<\/div>\n\n<\/div><\/div><div id=\"pgc-1289-2-1\"  class=\"panel-grid-cell panel-grid-cell-empty\" ><\/div><\/div><\/div>","protected":false},"excerpt":{"rendered":"<p>Superyacht Wrapping in Palma de Mallorca R\u00e1pido y 100% personalizable Discover more Yacht Window Tinting &amp; Solar Protection Film Mallorca Instalando l\u00e1minas de control solar Discover more Wrapping Interiores Mallorca R\u00e1pido, duradero y 100% personalizable Control Solar Instalando l\u00e1minas de control solar<\/p>\n","protected":false},"author":3,"featured_media":0,"parent":0,"menu_order":0,"comment_status":"closed","ping_status":"closed","template":"","meta":{"footnotes":""},"class_list":["post-1289","page","type-page","status-publish","hentry"],"yoast_head":"<!-- This site is optimized with the Yoast SEO plugin v24.7 - https:\/\/yoast.com\/wordpress\/plugins\/seo\/ -->\n<title>Superyacht Wrapping Services Mallorca \/ Yacht Wrapping<\/title>\n<meta name=\"description\" content=\"Superyacht wrapping services in Mallorca for yachts and superyachts. Professional vinyl wrapping, solar control films and PPF protection for vessel in palma and Mediterranean refit locations.\" \/>\n<meta name=\"robots\" content=\"index, follow, max-snippet:-1, max-image-preview:large, max-video-preview:-1\" \/>\n<link rel=\"canonical\" href=\"https:\/\/www.allwrapping.com\/en\/services\/\" \/>\n<meta property=\"og:locale\" content=\"en_US\" \/>\n<meta property=\"og:type\" content=\"article\" \/>\n<meta property=\"og:title\" content=\"Superyacht Wrapping Services Mallorca \/ Yacht Wrapping\" \/>\n<meta property=\"og:description\" content=\"Superyacht wrapping services in Mallorca for yachts and superyachts. Professional vinyl wrapping, solar control films and PPF protection for vessel in palma and Mediterranean refit locations.\" \/>\n<meta property=\"og:url\" content=\"https:\/\/www.allwrapping.com\/en\/services\/\" \/>\n<meta property=\"article:publisher\" content=\"https:\/\/www.facebook.com\/allwrappingmallorca\" \/>\n<meta property=\"article:modified_time\" content=\"2026-03-14T14:10:44+00:00\" \/>\n<meta name=\"twitter:card\" content=\"summary_large_image\" \/>\n<meta name=\"twitter:label1\" content=\"Est. reading time\" \/>\n\t<meta name=\"twitter:data1\" content=\"1 minute\" \/>\n<script type=\"application\/ld+json\" class=\"yoast-schema-graph\">{\"@context\":\"https:\/\/schema.org\",\"@graph\":[{\"@type\":\"WebPage\",\"@id\":\"https:\/\/www.allwrapping.com\/en\/services\/\",\"url\":\"https:\/\/www.allwrapping.com\/en\/services\/\",\"name\":\"Superyacht Wrapping Services Mallorca \/ Yacht Wrapping\",\"isPartOf\":{\"@id\":\"https:\/\/www.allwrapping.com\/#website\"},\"datePublished\":\"2016-04-18T11:20:40+00:00\",\"dateModified\":\"2026-03-14T14:10:44+00:00\",\"description\":\"Superyacht wrapping services in Mallorca for yachts and superyachts. Professional vinyl wrapping, solar control films and PPF protection for vessel in palma and Mediterranean refit locations.\",\"breadcrumb\":{\"@id\":\"https:\/\/www.allwrapping.com\/en\/services\/#breadcrumb\"},\"inLanguage\":\"en-US\",\"potentialAction\":[{\"@type\":\"ReadAction\",\"target\":[\"https:\/\/www.allwrapping.com\/en\/services\/\"]}]},{\"@type\":\"BreadcrumbList\",\"@id\":\"https:\/\/www.allwrapping.com\/en\/services\/#breadcrumb\",\"itemListElement\":[{\"@type\":\"ListItem\",\"position\":1,\"name\":\"Portada\",\"item\":\"https:\/\/www.allwrapping.com\/en\/\"},{\"@type\":\"ListItem\",\"position\":2,\"name\":\"Services\"}]},{\"@type\":\"WebSite\",\"@id\":\"https:\/\/www.allwrapping.com\/#website\",\"url\":\"https:\/\/www.allwrapping.com\/\",\"name\":\"\",\"description\":\"\",\"potentialAction\":[{\"@type\":\"SearchAction\",\"target\":{\"@type\":\"EntryPoint\",\"urlTemplate\":\"https:\/\/www.allwrapping.com\/?s={search_term_string}\"},\"query-input\":{\"@type\":\"PropertyValueSpecification\",\"valueRequired\":true,\"valueName\":\"search_term_string\"}}],\"inLanguage\":\"en-US\"}]}<\/script>\n<!-- \/ Yoast SEO plugin. -->","yoast_head_json":{"title":"Superyacht Wrapping Services Mallorca \/ Yacht Wrapping","description":"Superyacht wrapping services in Mallorca for yachts and superyachts. Professional vinyl wrapping, solar control films and PPF protection for vessel in palma and Mediterranean refit locations.","robots":{"index":"index","follow":"follow","max-snippet":"max-snippet:-1","max-image-preview":"max-image-preview:large","max-video-preview":"max-video-preview:-1"},"canonical":"https:\/\/www.allwrapping.com\/en\/services\/","og_locale":"en_US","og_type":"article","og_title":"Superyacht Wrapping Services Mallorca \/ Yacht Wrapping","og_description":"Superyacht wrapping services in Mallorca for yachts and superyachts. Professional vinyl wrapping, solar control films and PPF protection for vessel in palma and Mediterranean refit locations.","og_url":"https:\/\/www.allwrapping.com\/en\/services\/","article_publisher":"https:\/\/www.facebook.com\/allwrappingmallorca","article_modified_time":"2026-03-14T14:10:44+00:00","twitter_card":"summary_large_image","twitter_misc":{"Est. reading time":"1 minute"},"schema":{"@context":"https:\/\/schema.org","@graph":[{"@type":"WebPage","@id":"https:\/\/www.allwrapping.com\/en\/services\/","url":"https:\/\/www.allwrapping.com\/en\/services\/","name":"Superyacht Wrapping Services Mallorca \/ Yacht Wrapping","isPartOf":{"@id":"https:\/\/www.allwrapping.com\/#website"},"datePublished":"2016-04-18T11:20:40+00:00","dateModified":"2026-03-14T14:10:44+00:00","description":"Superyacht wrapping services in Mallorca for yachts and superyachts. Professional vinyl wrapping, solar control films and PPF protection for vessel in palma and Mediterranean refit locations.","breadcrumb":{"@id":"https:\/\/www.allwrapping.com\/en\/services\/#breadcrumb"},"inLanguage":"en-US","potentialAction":[{"@type":"ReadAction","target":["https:\/\/www.allwrapping.com\/en\/services\/"]}]},{"@type":"BreadcrumbList","@id":"https:\/\/www.allwrapping.com\/en\/services\/#breadcrumb","itemListElement":[{"@type":"ListItem","position":1,"name":"Portada","item":"https:\/\/www.allwrapping.com\/en\/"},{"@type":"ListItem","position":2,"name":"Services"}]},{"@type":"WebSite","@id":"https:\/\/www.allwrapping.com\/#website","url":"https:\/\/www.allwrapping.com\/","name":"","description":"","potentialAction":[{"@type":"SearchAction","target":{"@type":"EntryPoint","urlTemplate":"https:\/\/www.allwrapping.com\/?s={search_term_string}"},"query-input":{"@type":"PropertyValueSpecification","valueRequired":true,"valueName":"search_term_string"}}],"inLanguage":"en-US"}]}},"_links":{"self":[{"href":"https:\/\/www.allwrapping.com\/en\/wp-json\/wp\/v2\/pages\/1289","targetHints":{"allow":["GET"]}}],"collection":[{"href":"https:\/\/www.allwrapping.com\/en\/wp-json\/wp\/v2\/pages"}],"about":[{"href":"https:\/\/www.allwrapping.com\/en\/wp-json\/wp\/v2\/types\/page"}],"author":[{"embeddable":true,"href":"https:\/\/www.allwrapping.com\/en\/wp-json\/wp\/v2\/users\/3"}],"replies":[{"embeddable":true,"href":"https:\/\/www.allwrapping.com\/en\/wp-json\/wp\/v2\/comments?post=1289"}],"version-history":[{"count":11,"href":"https:\/\/www.allwrapping.com\/en\/wp-json\/wp\/v2\/pages\/1289\/revisions"}],"predecessor-version":[{"id":2098,"href":"https:\/\/www.allwrapping.com\/en\/wp-json\/wp\/v2\/pages\/1289\/revisions\/2098"}],"wp:attachment":[{"href":"https:\/\/www.allwrapping.com\/en\/wp-json\/wp\/v2\/media?parent=1289"}],"curies":[{"name":"wp","href":"https:\/\/api.w.org\/{rel}","templated":true}]}}

<div id="pl-1289"  class="panel-layout" ><div id="pg-1289-0"  class="panel-grid panel-no-style" ><div id="pgc-1289-0-0"  class="panel-grid-cell" ><div id="panel-1289-0-0-0" class="so-panel widget widget_pw_featured_page widget-featured-page panel-first-child panel-last-child" data-index="0" >
	<div class="page-box  page-box--block">
					<a class="page-box__picture" href="https://www.allwrapping.com/en/services/yacht-wrapping-mallorca/">
				<img decoding="async" src="https://www.allwrapping.com/wp-content/uploads/2026/03/fjord-360x180.jpeg" width="360" height="180" srcset="https://www.allwrapping.com/wp-content/uploads/2026/03/fjord-360x180.jpeg 360w, https://www.allwrapping.com/wp-content/uploads/2026/03/fjord.jpeg 604w" sizes="(min-width: 1200px) 349px, (min-width: 992px) 283px, (min-width: 768px) 690px, calc(100vw - 30px)" class="wp-post-image" alt="Superyacht Wrapping in Palma de Mallorca">
							</a>
				<div class="page-box__content">
			<h4 class="page-box__title"><a href="https://www.allwrapping.com/en/services/yacht-wrapping-mallorca/">Superyacht Wrapping in Palma de Mallorca</a></h4>
			<p class="page-box__text">Rápido y 100% personalizable</p>
							<a href="https://www.allwrapping.com/en/services/yacht-wrapping-mallorca/" class="page-box__more-link">Discover more</a>
					</div>
	</div>

</div></div><div id="pgc-1289-0-1"  class="panel-grid-cell" ><div id="panel-1289-0-1-0" class="so-panel widget widget_pw_featured_page widget-featured-page panel-first-child panel-last-child" data-index="1" >
	<div class="page-box  page-box--block">
					<a class="page-box__picture" href="https://www.allwrapping.com/en/services/window-tinting-mallorca/">
				<img decoding="async" src="https://www.allwrapping.com/wp-content/uploads/2026/03/arion-360x180.jpg" width="360" height="180" srcset="https://www.allwrapping.com/wp-content/uploads/2026/03/arion-360x180.jpg 360w, https://www.allwrapping.com/wp-content/uploads/2026/03/arion.jpg 640w" sizes="(min-width: 1200px) 349px, (min-width: 992px) 283px, (min-width: 768px) 690px, calc(100vw - 30px)" class="wp-post-image" alt="Yacht Window Tinting &amp; Solar Protection Film Mallorca">
							</a>
				<div class="page-box__content">
			<h4 class="page-box__title"><a href="https://www.allwrapping.com/en/services/window-tinting-mallorca/">Yacht Window Tinting &amp; Solar Protection Film Mallorca</a></h4>
			<p class="page-box__text">Instalando láminas de control solar</p>
							<a href="https://www.allwrapping.com/en/services/window-tinting-mallorca/" class="page-box__more-link">Discover more</a>
					</div>
	</div>

</div></div></div><div id="pg-1289-1"  class="panel-grid panel-no-style" ><div id="pgc-1289-1-0"  class="panel-grid-cell" ><div id="panel-1289-1-0-0" class="so-panel widget widget_pw_featured_page widget-featured-page panel-first-child panel-last-child" data-index="2" >
	<div class="page-box  page-box--block">
					<a class="page-box__picture" href="https://www.allwrapping.com/servicios/wrapping-interiores-mallorca/">
				<img decoding="async" src="https://www.allwrapping.com/wp-content/uploads/2019/03/wrapping-interiores-mallorca-Ejemplo-de-acabado-dashboard-Sunsekeer-74-360x180.jpg" width="360" height="180" srcset="https://www.allwrapping.com/wp-content/uploads/2019/03/wrapping-interiores-mallorca-Ejemplo-de-acabado-dashboard-Sunsekeer-74-360x180.jpg 360w, https://www.allwrapping.com/wp-content/uploads/2019/03/wrapping-interiores-mallorca-Ejemplo-de-acabado-dashboard-Sunsekeer-74.jpg 600w" sizes="(min-width: 1200px) 349px, (min-width: 992px) 283px, (min-width: 768px) 690px, calc(100vw - 30px)" class="wp-post-image" alt="Wrapping Interiores Mallorca">
							</a>
				<div class="page-box__content">
			<h4 class="page-box__title"><a href="https://www.allwrapping.com/servicios/wrapping-interiores-mallorca/">Wrapping Interiores Mallorca</a></h4>
			<p class="page-box__text">Rápido, duradero y 100% personalizable</p>
					</div>
	</div>

</div></div><div id="pgc-1289-1-1"  class="panel-grid-cell" ><div id="panel-1289-1-1-0" class="so-panel widget widget_pw_featured_page widget-featured-page panel-first-child panel-last-child" data-index="3" >
	<div class="page-box  page-box--block">
					<a class="page-box__picture" href="https://www.allwrapping.com/servicios/tintado-de-lunas-mallorca/">
				<img decoding="async" src="https://www.allwrapping.com/wp-content/uploads/2019/03/láminas-de-ventanas-3M-para-yates-tintado-de-lunas2-360x180.jpg" width="360" height="180" srcset="https://www.allwrapping.com/wp-content/uploads/2019/03/láminas-de-ventanas-3M-para-yates-tintado-de-lunas2-360x180.jpg 360w, https://www.allwrapping.com/wp-content/uploads/2019/03/láminas-de-ventanas-3M-para-yates-tintado-de-lunas2.jpg 600w" sizes="(min-width: 1200px) 349px, (min-width: 992px) 283px, (min-width: 768px) 690px, calc(100vw - 30px)" class="wp-post-image" alt="Control Solar">
							</a>
				<div class="page-box__content">
			<h4 class="page-box__title"><a href="https://www.allwrapping.com/servicios/tintado-de-lunas-mallorca/">Control Solar</a></h4>
			<p class="page-box__text">Instalando láminas de control solar</p>
					</div>
	</div>

</div></div></div><div id="pg-1289-2"  class="panel-grid panel-no-style" ><div id="pgc-1289-2-0"  class="panel-grid-cell panel-grid-cell-mobile-last" ><div id="panel-1289-2-0-0" class="so-panel widget widget_pw_featured_page widget-featured-page panel-first-child panel-last-child" data-index="4" >
	<div class="page-box  page-box--block">
				<div class="page-box__content">
			<h4 class="page-box__title"><a href=""></a></h4>
			<p class="page-box__text"></p>
					</div>
	</div>

</div></div><div id="pgc-1289-2-1"  class="panel-grid-cell panel-grid-cell-empty" ></div></div></div>

<p>Superyacht Wrapping in Palma de Mallorca Rápido y 100% personalizable Discover more Yacht Window Tinting &amp; Solar Protection Film Mallorca Instalando láminas de control solar Discover more Wrapping Interiores Mallorca Rápido, duradero y 100% personalizable Control Solar Instalando láminas de control solar</p>
